{"id":909,"date":"2023-02-22T20:25:12","date_gmt":"2023-02-22T20:25:12","guid":{"rendered":"https:\/\/mht-bau.de\/?page_id=909"},"modified":"2023-02-22T20:25:12","modified_gmt":"2023-02-22T20:25:12","slug":"dachdecker","status":"publish","type":"page","link":"https:\/\/mht-bau.de\/index.php\/dachdecker\/","title":{"rendered":"Dachdecker"},"content":{"rendered":"\n<p><\/p>\n\n\n\n<div class=\"wp-block-media-text alignwide is-stacked-on-mobile\" style=\"grid-template-columns:32% auto\"><figure class=\"wp-block-media-text__media\"><img loading=\"lazy\" decoding=\"async\" width=\"768\" height=\"1024\" src=\"http:\/\/mht-bau.de\/wp-content\/uploads\/2022\/12\/WhatsApp-Image-2022-12-04-at-14.12.18.jpeg\" alt=\"\" class=\"wp-image-796 size-full\" srcset=\"https:\/\/mht-bau.de\/wp-content\/uploads\/2022\/12\/WhatsApp-Image-2022-12-04-at-14.12.18.jpeg 768w, https:\/\/mht-bau.de\/wp-content\/uploads\/2022\/12\/WhatsApp-Image-2022-12-04-at-14.12.18-225x300.jpeg 225w\" sizes=\"auto, (max-width: 768px) 100vw, 768px\" \/><\/figure><div class=\"wp-block-media-text__content\">\n<p>Das Dachdeckerhandwerk ist eines der vielseitigsten Bauhandwerke. Die zahlreichen Materialien f\u00fcr Eindeckungen, Abdichtungen und Au\u00dfenwandbekleidungen bieten scheinbar unendlich viele M\u00f6glichkeiten zur \u00e4stethischen oder funktionellen Umgestaltung.<\/p>\n\n\n\n<p><strong>Das Steildach<\/strong><\/p>\n\n\n\n<p>Von der Sanierung bis hin zum Neubau \u00fcbernehmen wir jegliche Arbeiten rund ums Steildach. Wir beraten Sie gerne zu der Auswahl ihres Deckwerkstoffes, Dachfenstern sowie Photovoltaikanlagen.<\/p>\n\n\n\n<p><strong>Das Flachdach<\/strong><\/p>\n\n\n\n<p>Neben Abdichtungen mit Bitumen- und Kunststoffbahnen geh\u00f6ren auch Fl\u00fcssigkunststoffabdichtungen zu unseren Leistungen. Wir dichten Ihre Balkone, Caports oder Gr\u00fcnd\u00e4cher ab.<\/p>\n\n\n\n<p><strong>Die Au\u00dfenwandbekleidung<\/strong><\/p>\n\n\n\n<p>Schornsteine, Gauben und Giebelverkleidungen gestalten wir professionell genau nach Ihren Vorstellungen<\/p>\n<\/div><\/div>\n","protected":false},"excerpt":{"rendered":"<p>Das Dachdeckerhandwerk ist eines der vielseitigsten Bauhandwerke. Die zahlreichen Materialien f\u00fcr Eindeckungen, Abdichtungen und Au\u00dfenwandbekleidungen bieten scheinbar unendlich viele M\u00f6glichkeiten zur \u00e4stethischen oder funktionellen Umgestaltung. Das Steildach Von der Sanierung bis hin zum Neubau \u00fcbernehmen wir jegliche Arbeiten rund ums Steildach. Wir beraten Sie gerne zu der Auswahl ihres Deckwerkstoffes, Dachfenstern sowie Photovoltaikanlagen. Das Flachdach [&hellip;]<\/p>\n","protected":false},"author":1,"featured_media":0,"parent":0,"menu_order":0,"comment_status":"closed","ping_status":"closed","template":"","meta":{"footnotes":""},"class_list":["post-909","page","type-page","status-publish","hentry"],"_links":{"self":[{"href":"https:\/\/mht-bau.de\/index.php\/wp-json\/wp\/v2\/pages\/909","targetHints":{"allow":["GET"]}}],"collection":[{"href":"https:\/\/mht-bau.de\/index.php\/wp-json\/wp\/v2\/pages"}],"about":[{"href":"https:\/\/mht-bau.de\/index.php\/wp-json\/wp\/v2\/types\/page"}],"author":[{"embeddable":true,"href":"https:\/\/mht-bau.de\/index.php\/wp-json\/wp\/v2\/users\/1"}],"replies":[{"embeddable":true,"href":"https:\/\/mht-bau.de\/index.php\/wp-json\/wp\/v2\/comments?post=909"}],"version-history":[{"count":7,"href":"https:\/\/mht-bau.de\/index.php\/wp-json\/wp\/v2\/pages\/909\/revisions"}],"predecessor-version":[{"id":916,"href":"https:\/\/mht-bau.de\/index.php\/wp-json\/wp\/v2\/pages\/909\/revisions\/916"}],"wp:attachment":[{"href":"https:\/\/mht-bau.de\/index.php\/wp-json\/wp\/v2\/media?parent=909"}],"curies":[{"name":"wp","href":"https:\/\/api.w.org\/{rel}","templated":true}]}}